02 and 22?
22
Calculate the greatest common factor of 2049 and 15.
3
Calculate the highest common factor of 1394 and 68.
34
What is the greatest common divisor of 350 and 75?
25
Calculate the greatest common divisor of 40 and 4670.
10
What is the greatest common divisor of 27 and 72?
9
What is the greatest common factor of 9 and 963?
9
What is the highest common divisor of 128 and 336?
16
What is the greatest common factor of 274 and 2?
2
What is the greatest common factor of 330 and 198?
66
What is the highest common divisor of 192 and 36?
12
Calculate the greatest common divisor of 144 and 3744.
144
Calculate the greatest common factor of 15 and 35.
5
Calculate the highest common factor of 9 and 243.
9
What is the greatest common factor of 231 and 11?
11
What is the highest common factor of 30 and 150?
30
What is the greatest common factor of 180 and 210?
30
What is the greatest common factor of 2450 and 294?
98
Calculate the highest common factor of 330 and 935.
55
Calculate the greatest common factor of 928 and 224.
32
Calculate the greatest common factor of 225 and 25.
25
What is the greatest common divisor of 966 and 28?
14
What is the greatest common divisor of 68 and 23307?
17
Calculate the greatest common divisor of 14 and 553.
7
Calculate the greatest common divisor of 2222 and 209.
11
Calculate the highest common divisor of 20 and 8.
4
Calculate the highest common divisor of 12 and 100.
4
Calculate the greatest common divisor of 4 and 128.
4
What is the highest common factor of 6045 and 15?
15
What is the highest common divisor of 2768 and 80?
16
What is the greatest common factor of 52 and 611?
13
What is the greatest common divisor of 8 and 60?
4
What is the greatest common factor of 23542 and 158?
158
Calculate the highest common factor of 45 and 36.
9
Calculate the highest common divisor of 3375 and 250.
125
Calculate the highest common divisor of 107 and 4387.
107
Calculate the greatest common divisor of 117 and 156.
39
What is the highest common divisor of 60 and 345?
15
Calculate the greatest common factor of 36 and 18.
18
Calculate the highest common factor of 320 and 128.
64
Calculate the greatest common divisor of 768 and 56.
8
Calculate the highest common factor of 2478 and 42.
42
Calculate the greatest common divisor of 1577 and 249.
83
Calculate the greatest common divisor of 2754 and 136.
34
What is the greatest common factor of 207 and 117?
9
What is the highest common divisor of 666 and 144?
18
Calculate the greatest common factor of 69 and 1127.
23
Calculate the greatest common divisor of 5 and 20.
5
Calculate the greatest common factor of 166 and 1826.
166
Calculate the highest common factor of 18 and 42.
6
Calculate the highest common factor of 16 and 32.
16
What is the highest common divisor of 12 and 324?
12
Calculate the greatest common factor of 150 and 255.
15
Calculate the highest common divisor of 170 and 1460.
10
What is the highest common factor of 3103 and 58?
29
What is the greatest common factor of 27 and 117?
9
Calculate the greatest common factor of 56715 and 570.
285
What is the highest common factor of 24 and 174?
6
Calculate the greatest common factor of 230 and 1242.
46
Calculate the highest common divisor of 24 and 762.
6
Calculate the greatest common divisor of 2187 and 2349.
81
What is the greatest common factor of 48 and 624?
48
Calculate the greatest common divisor of 18 and 29781.
9
What is the highest common factor of 1200 and 6?
6
Calculate the highest common divisor of 280 and 3620.
20
Calculate the highest common factor of 3 and 123.
3
What is the greatest common divisor of 5089 and 7?
7
Calculate the highest common divisor of 7168 and 14.
14
What is the greatest common factor of 460 and 53590?
230
Calculate the highest common divisor of 33 and 2.
1
Calculate the highest common divisor of 24 and 960.
24
Calculate the highest common divisor of 10 and 980.
10
What is the greatest common factor of 5754 and 105?
21
What is the greatest common factor of 6270 and 5?
5
What is the highest common factor of 1705 and 775?
155
Calculate the greatest common divisor of 2563 and 77.
11
What is the highest common factor of 28 and 525?
7
Calculate the highest common factor of 34 and 1258.
34
Calculate the greatest common factor of 47 and 235.
47
Calculate the highest common divisor of 494 and 78.
26
What is the highest common divisor of 542 and 27913?
271
Calculate the highest common factor of 91 and 52.
13
Calculate the greatest common divisor of 3 and 5.
1
What is the highest common divisor of 66 and 286?
22
Calculate the greatest common divisor of 1449 and 99.
9
What is the greatest common factor of 342 and 423?
9
What is the highest common factor of 156 and 741?
39
What is the highest common factor of 54 and 207?
9
Calculate the highest common divisor of 6 and 26862.
6
Calculate the highest common divisor of 56 and 24.
8
What is the highest common divisor of 16 and 4432?
16
What is the greatest common divisor of 803 and 44?
11
Calculate the greatest common divisor of 95 and 95.
95
Calculate the highest common divisor of 434 and 62.
62
Calculate the greatest common divisor of 325 and 195.
65
Calculate the greatest common factor of 120 and 184.
8
What is the greatest common factor of 1075 and 75?
25
What is the greatest common divisor of 25 and 2575?
25
What is the greatest common divisor of 784 and 4900?
196
Calculate the greatest common factor of 476 and 21.
7
Calculate the highest common divisor of 7960 and 160.
40
What is the greatest common divisor of 65 and 1651?
13
Calculate the greatest common factor of 32 and 180.
4
Calculate the highest common divisor of 339 and 15.
3
What is the greatest common divisor of 57 and 152?
19
What is the greatest common factor of 544 and 64?
32
What is the greatest common divisor of 100 and 5450?
50
Calculate the highest common factor of 24 and 684.
12
What is the greatest common factor of 416 and 13?
13
What is the highest common divisor of 240 and 130?
10
Calculate the greatest common divisor of 3245 and 550.
55
What is the highest common divisor of 1011 and 3?
3
Calculate the greatest common factor of 58 and 1102.
58
What is the greatest common factor of 24 and 904?
8
What is the highest common factor of 494 and 26?
26
Calculate the greatest common factor of 10 and 320.
10
What is the greatest common factor of 2881 and 43?
43
Calculate the greatest common divisor of 284 and 8.
4
What is the greatest common divisor of 574 and 14?
14
Calculate the highest common factor of 60 and 17724.
12
Calculate the highest common divisor of 582 and 9.
3
What is the greatest common divisor of 104 and 156?
52
What is the highest common factor of 4202 and 22?
22
Calculate the greatest common divisor of 240 and 1320.
120
Calculate the greatest common factor of 37497 and 87.
87
What is the greatest common divisor of 180 and 135?
45
What is the highest common divisor of 3330 and 50?
10
Calculate the highest common divisor of 6 and 486.
6
What is the greatest common factor of 174 and 290?
58
Calculate the highest common divisor of 24 and 64.
8
What is the greatest common factor of 9 and 81?
9
Calculate the highest common factor of 272 and 4148.
68
Calculate the highest common divisor of 186 and 62.
62
Calculate the greatest common divisor of 77 and 55.
11
What is the greatest common divisor of 8 and 3134?
2
What is the greatest common factor of 1748 and 46?
46
Calculate the greatest common factor of 99 and 7689.
33
Calculate the greatest common factor of 56 and 196.
28
What is the highest common divisor of 361 and 76?
19
Calculate the highest common divisor of 1164 and 12.
12
What is the greatest common divisor of 2601 and 1989?
153
Calculate the highest common divisor of 270 and 345.
15
What is the greatest common factor of 833 and 391?
17
What is the greatest common factor of 378 and 54?
54
Calculate the highest common divisor of 627 and 165.
33
What is the greatest common factor of 925 and 25?
25
Calculate the highest common factor of 5184 and 1008.
144
What is the greatest common factor of 1482 and 312?
78
Calculate the highest common factor of 392 and 56.
56
What is the highest common factor of 24 and 7356?
12
What is the greatest common factor of 80 and 5328?
16
Calcula